et b(c) = -c**2 - 6*c + 27. What is the remainder when k is divided by b(-8)?
10
Let p(i) = 30*i**3 + 6*i**2 - 3*i - 2. What is the remainder when 118 is divided by p(1)?
25
Let q = -22 + 21. Let j(t) = 4*t**3 - t. Let r be j(q). What is the remainder when 57 is divided by 10*(r + 4)*1?
7
Suppose 39 = 4*k + 23. Calculate the remainder when 79 is divided by k.
3
Suppose 3*o - 1 = 2*v + 49, 4*v + 46 = 3*o. Let s(q) = -q**3 + q**2 + 2*q - 1. Calculate the remainder when o is divided by s(-2).
4
What is the remainder when (-13)/(-26)*692/1 is divided by 71?
62
Suppose 38 = -5*w + 6*w. Let j = -27 + w. Suppose 0 = -4*h + 1 + 11. Calculate the remainder when j is divided by h.
2
Let p be 4*3/(-72) - 13/(-6). Suppose 5*b + q = -q + 135, -p*b - 2*q = -54. Calculate the remainder when 107 is divided by b.
26
Suppose 4*z - 4*s = -216, z + 3*z - 5*s + 220 = 0. Suppose 5 + 16 = 3*h - 3*i, 19 = h - 5*i. What is the remainder when 59 is divided by (40/z)/(h/(-50))?
9
Let k(u) = u**3 + 17*u**2 + 58*u - 26. Calculate the remainder when k(-11) is divided by 9.
8
Suppose 84 = 5*n - 3*n. Let o be ((-116)/(-10))/(5/(-25)). Let t = o + 69. What is the remainder when n is divided by t?
9
Suppose -z - 3*z + 124 = 0. Calculate the remainder when 57 is divided by z.
26
Let j(w) be the third derivative of w**5/60 + w**4/3 - w**3/2 - 5*w**2. Suppose 96 = 18*x - 15*x. Calculate the remainder when j(8) is divided by x.
29
Let l be 382*2/12 + (-1)/(-3). Let r = 65 - l. Suppose -3*b + 1 = -2. What is the remainder when r is divided by b?
0
Let p(a) = -a**3 - 12*a**2 + 6*a + 80. Calculate the remainder when 1469 is divided by p(-12).
5
Suppose -2*n = -n - 79. Suppose 5*j = -n + 319. Let p = j - 17. What is the remainder when 91 is divided by p?
29
Let v be 51/9 - 2/(-6). Let f = 5 + v. Calculate the remainder when 47 is divided by (-2)/f - 890/(-55).
15
Let g(r) = -2*r - 3 - 3*r + 4 - 5*r. Calculate the remainder when 160 is divided by g(-4).
37
Suppose 3*y - 57 = 4*z, 0 = -2*y + 9*z - 11*z + 38. What is the remainder when 164 is divided by y?
12
Suppose 102 = 160*u - 157*u. Calculate the remainder when 84 is divided by u.
16
Let x be 2/4 - 7/14. Suppose x = 10*n - n - 288. Calculate the remainder when n is divided by 13.
6
Suppose -10*j = j. Suppose -6*w + j*w = -18. Calculate the remainder when w is divided by 2.
1
Let n = 64 + -41. Calculate the remainder when 34 is divided by n.
11
Calculate the remainder when (-13 - -11)/8*-388 is divided by 41/2 + (-1)/2.
17
Let l = 34 - -40. Let i be -1 + 0 + 4 - (7 - 4). Suppose -12*b + 16*b - 76 = i. Calculate the remainder when l is divided by b.
17
What is the remainder when 226 is divided by (6 - 1)*1*133/35?
17
Let f = -9 + 22. What is the remainder when 16 is divided by f?
3
Let k = 698 + -691. Calculate the remainder when k is divided by 1.
0
Let d(f) = -f**2 + f + 25. Let v(o) = -o**2 + 11*o - 35. Let l be v(7). Let k = l + 16. Calculate the remainder when d(0) is divided by k.
7
Suppose 4*n - 3*n + 33 = i, 3*i + n = 79. Let l(x) = -5*x**2 - 12*x + 19. What is the remainder when i is divided by l(-3)?
8
Suppose -g + 0 = -15. Suppose 2*c + 68 = p, 5*p + 138 = 7*p - 3*c. What is the remainder when p is divided by g?
12
Let z(t) = -17*t - 6. Let p be z(-4). Let m = 69 - p. Let o(x) = x + 25. What is the remainder when o(0) is divided by m?
4
Let w(r) = -27*r + 528. Calculate the remainder when w(0) is divided by 23.
22
Suppose 23*u + 5*r - 40 = 18*u, -4 = 2*r. What is the remainder when 46 is divided by u?
6
Suppose d = 3*t - 113, -5*t - 2*d - 59 = -251. What is the remainder when 2847 is divided by t?
35
Let p(h) = -h**3 + 6*h**2 + 6. Let b be p(6). Suppose -5*x = -131 + b. Calculate the remainder when x is divided by 7.
4
Let h = -77 - -122. Suppose 2*b - 6*b + 64 = 0. Suppose 5*d = 4*d + b. What is the remainder when h is divided by d?
13
Let o(n) = -12*n + 24. Let k be o(9). Let v = k + 96. What is the remainder when 57 is divided by v?
9
Let z(j) = j**2 - 15*j + 22. Let m(h) = -5*h + 7. Let b(v) = -8*m(v) + 3*z(v). Calculate the remainder when b(5) is divided by 23.
14
Let w(i) = 17*i**2. Let p be w(-2). Suppose -2*h + 3*o - 8*o = -11, 5*h - p = o. Calculate the remainder when 37 is divided by h.
11
Suppose 7*m = 83 + 1. What is the remainder when m is divided by (-2)/(-5) - 69/(-15)?
2
Calculate the remainder when 1 - 535/(-5) - 2 is divided by 53.
0
Let q = -20 + 29. Suppose -75 = -5*g - 2*t, -3*g - 10 = 2*t - 55. What is the remainder when g is divided by q?
6
Suppose 111 = 3*f - 5*p, -f = -p + 2*p - 29. Suppose 113 - 1057 = -2*q. What is the remainder when 44 is divided by q/f + (-1)/(-4)?
14
Let q(d) = d**3 - 6*d**2 + 2*d - 8. Let r be q(6). What is the remainder when (-1 - 1) + (r - -111 - -5) is divided by 15?
13
Suppose 3*z + 5*z = 2544. Suppose z = -0*v + 6*v. Let a(q) = 8*q + 2. Calculate the remainder when v is divided by a(2).
17
Suppose 14 = 2*w - 5*a, 4*a - 1 = -3*w + 43. Suppose 0 = i - 4*f - 59, 3*i - 4*f = 90 + 63. What is the remainder when i is divided by w?
11
Suppose 3*l = 37 + 146. Suppose 3*h - 118 = o, 0*h - h - 4*o + l = 0. Calculate the remainder when h is divided by 21.
20
Let q(j) = 33*j**3 + 2*j**2 - 2*j + 1. What is the remainder when q(1) is divided by (-198)/(-44)*(1 + 5/3)?
10
Let g = -38 - -74. Suppose -n - 9*m = -5*m + 2, 0 = 2*n - 3*m - 29. Calculate the remainder when g is divided by n.
6
Let d(q) = q**3 + 22*q**2 - 206*q - 37. Calculate the remainder when 947 is divided by d(-29).
47
Suppose 446 = -15*c + 1211. What is the remainder when 219 is divided by c?
15
Let t(j) = 6*j - 8. Let k be (1/2)/((-2)/(-8)). Let o be k - (2 - (-4)/(-1)). What is the remainder when 29 is divided by t(o)?
13
Let v = 3 + 17. Suppose 4*y + 8 = v. Suppose t + 12 = x, y*t + 5 = -4. Calculate the remainder when x is divided by 6.
3
What is the remainder when 32 - 0/(-6 - -13) is divided by 1/(-4) - (-90)/8?
10
Suppose 3*t - 2*v - 163 = 0, 8*t - v = 6*t + 110. What is the remainder when 796 is divided by t?
55
Suppose 2*u + 25 = 3*u - 2*m, 3*m + 30 = u. Suppose -4*c + 4*a - 5*a + 108 = 0, 0 = -5*a. What is the remainder when c is divided by u?
12
Let d(f) = 6*f**2 - 11*f + 21. Suppose 26 = 3*a - 1. What is the remainder when d(2) is divided by a?
5
Let d = -455 + 642. What is the remainder when d is divided by 7?
5
Let q = 0 - -5. Suppose -1 = 2*w - q. Suppose -4*y + 34 = 5*i, 8 = w*i + 2*y + y. Calculate the remainder when 18 is divided by i.
8
Let o(j) = -5*j - 3. Suppose 0 = 2*i + 3*i - 335. Calculate the remainder when i is divided by o(-4).
16
Suppose -3*o + 14*o - 3*o - 712 = 0. Suppose 3*k + 0*k = 69. Calculate the remainder when o is divided by (-1)/(-2 + 1)*k.
20
Suppose -5*n + n = 2*c - 12, 0 = 3*n - 6. Suppose -4*h + 9*h - 5*i + 2615 = 0, -4*h + c*i = 2096. What is the remainder when 4/14 - h/49 is divided by 6?
5
Let b = -5322 + 5374. Let u(y) = 2*y - 7. Let z be u(6). Suppose z*h - 56 = 79. Calculate the remainder when b is divided by h.
25
Let o = -56 + 67. What is the remainder when 1*-1*1 + 90 is divided by (-253)/o*2/(-2)?
20
Let s = 29 + 33. Let o(w) = -w**3 - 29*w**2 + 55*w - 206. Calculate the remainder when s is divided by o(-31).
7
Let j(b) = -31*b + 94. Calculate the remainder when j(0) is divided by 25.
19
Let v(r) = -r**3 + 19*r**2 - 14*r - 7. Let n be v(18). Suppose z = -2*m - 2*z + n, -3*z + 9 = 0. What is the remainder when m is divided by 5?
3
Suppose -16*a - 3*w + 4 = -11*a, 2*w + 14 = 5*a. What is the remainder when 9 is divided by a?
1
Let o(a) = -4*a + 12. Let n be o(15). Let t = n + 75. Calculate the remainder when t is divided by -3 - -1 - (-9 + 0).
6
Suppose 5*i + 184 = -31. Let k = -27 - i. Suppose 0 = 4*q - 54 - 130. Calculate the remainder when q is divided by k.
14
Let a(p) = -8*p - 188. Calculate the remainder when 334 is divided by a(-32).
62
Suppose 0 = 5*a - 3*g - 137, 2*a + 0*g = g + 54. What is the remainder when a is divided by 11 + -1 + -3 - 0?
4
Suppose -1755*n + 180 = -1752*n. What is the remainder when n is divided by 31?
29
Let p(r) = -r**2 - 18*r + 5. Let n be p(-18). Suppose n*b + 93 - 218 = 0. Calculate the remainder when 81 is divided by b.
6
Suppose 5*l = l + 8. Suppose -5*d + 3*o + 15 = 0, -l*d + 0*d + 3*o = -6. Calculate the remainder when 4 is div